{"id":807,"date":"2025-09-23T08:55:26","date_gmt":"2025-09-23T08:55:26","guid":{"rendered":"https:\/\/www.dwdporabka.pl\/?page_id=807"},"modified":"2025-10-07T10:46:39","modified_gmt":"2025-10-07T10:46:39","slug":"wfosigw-w-katowicach","status":"publish","type":"page","link":"https:\/\/www.dwdporabka.pl\/index.php\/wfosigw-w-katowicach\/","title":{"rendered":"WFO\u015aiGW w Katowicach"},"content":{"rendered":"\n<p><strong>Warsztaty ekologiczne w DWD<\/strong><\/p>\n\n\n\n<p>Zapraszamy na cykl warsztat\u00f3w ekologicznych przeznaczony dla dzieci w wieku szko\u0142y podstawowej.<\/p>\n\n\n\n<p>W czasie zaj\u0119\u0107 dzieci odkrywaj\u0105 \u015bwiat poprzez obserwacje i do\u015bwiadczenia. WW czasie jednego bloku realizujemy 5 godzin warsztat\u00f3w m.in. laboratoria, wycieczki, zaj\u0119cia konstrukcyjne i plastyczne.<\/p>\n\n\n\n<p>Projekt realizowany b\u0119dzie do 30 czerwca 2026 lub do wyczerpania miejsc.<\/p>\n\n\n\n<figure class=\"wp-block-image size-full is-resized\"><img loading=\"lazy\" decoding=\"async\" width=\"694\" height=\"359\" src=\"https:\/\/www.dwdporabka.pl\/wp-content\/uploads\/2025\/09\/news_1255-489850772-removebg-preview.png\" alt=\"\" class=\"wp-image-782\" style=\"width:268px;height:auto\" srcset=\"https:\/\/www.dwdporabka.pl\/wp-content\/uploads\/2025\/09\/news_1255-489850772-removebg-preview.png 694w, https:\/\/www.dwdporabka.pl\/wp-content\/uploads\/2025\/09\/news_1255-489850772-removebg-preview-300x155.png 300w\" sizes=\"auto, (max-width: 694px) 100vw, 694px\" \/><\/figure>\n\n\n\n<figure class=\"wp-block-image size-large\"><img loading=\"lazy\" decoding=\"async\" width=\"724\" height=\"1024\" src=\"https:\/\/www.dwdporabka.pl\/wp-content\/uploads\/2025\/09\/Dyplom-za-wyniki-w-nauce-724x1024.jpg\" alt=\"\" class=\"wp-image-813\" srcset=\"https:\/\/www.dwdporabka.pl\/wp-content\/uploads\/2025\/09\/Dyplom-za-wyniki-w-nauce-724x1024.jpg 724w, https:\/\/www.dwdporabka.pl\/wp-content\/uploads\/2025\/09\/Dyplom-za-wyniki-w-nauce-212x300.jpg 212w, https:\/\/www.dwdporabka.pl\/wp-content\/uploads\/2025\/09\/Dyplom-za-wyniki-w-nauce-768x1086.jpg 768w, https:\/\/www.dwdporabka.pl\/wp-content\/uploads\/2025\/09\/Dyplom-za-wyniki-w-nauce-1086x1536.jpg 1086w, https:\/\/www.dwdporabka.pl\/wp-content\/uploads\/2025\/09\/Dyplom-za-wyniki-w-nauce.jpg 1414w\" sizes=\"auto, (max-width: 724px) 100vw, 724px\" \/><\/figure>\n\n\n\n<figure class=\"wp-block-image size-large is-resized\"><img loading=\"lazy\" decoding=\"async\" width=\"1024\" height=\"1024\" src=\"https:\/\/www.dwdporabka.pl\/wp-content\/uploads\/2025\/10\/338106004-663787863-1024x1024.jpg\" alt=\"\" class=\"wp-image-835\" style=\"width:724px;height:auto\" srcset=\"https:\/\/www.dwdporabka.pl\/wp-content\/uploads\/2025\/10\/338106004-663787863-1024x1024.jpg 1024w, https:\/\/www.dwdporabka.pl\/wp-content\/uploads\/2025\/10\/338106004-663787863-300x300.jpg 300w, https:\/\/www.dwdporabka.pl\/wp-content\/uploads\/2025\/10\/338106004-663787863-150x150.jpg 150w, https:\/\/www.dwdporabka.pl\/wp-content\/uploads\/2025\/10\/338106004-663787863-768x768.jpg 768w, https:\/\/www.dwdporabka.pl\/wp-content\/uploads\/2025\/10\/338106004-663787863.jpg 1080w\" sizes=\"auto, (max-width: 1024px) 100vw, 1024px\" \/><\/figure>\n\n\n\n<p><strong>Wakacje w DWD<\/strong><\/p>\n\n\n\n<p>Zapraszamy na &#8222;Wakacje w DWD&#8221; ob\u00f3z pod namiotami z elementami ratownictwa, ochrony przyrody i profilaktyki zdrowotnej.<\/p>\n\n\n\n<p>Planowane turnusy:<\/p>\n\n\n\n<p>I&nbsp;&nbsp; 29.06-9.07.2025<\/p>\n\n\n\n<p>II 9.07-19.07.2025<\/p>\n\n\n\n<p>III 19.07-29.07.2025<\/p>\n\n\n\n<p>IV 29.07-08.08.2025<\/p>\n\n\n\n<p>V 21.08-31.08.2025<\/p>\n\n\n\n<figure class=\"wp-block-image size-full is-resized\"><img loading=\"lazy\" decoding=\"async\" width=\"694\" height=\"359\" src=\"https:\/\/www.dwdporabka.pl\/wp-content\/uploads\/2025\/09\/news_1255-489850772-removebg-preview.png\" alt=\"\" class=\"wp-image-782\" style=\"width:268px;height:auto\" srcset=\"https:\/\/www.dwdporabka.pl\/wp-content\/uploads\/2025\/09\/news_1255-489850772-removebg-preview.png 694w, https:\/\/www.dwdporabka.pl\/wp-content\/uploads\/2025\/09\/news_1255-489850772-removebg-preview-300x155.png 300w\" sizes=\"auto, (max-width: 694px) 100vw, 694px\" \/><\/figure>\n\n\n\n<p>\u201eWyjazd na obozy w terminie od 29.06.2025 do 31.08.2025 zosta\u0142 dofinansowany ze \u015brodk\u00f3w WFO\u015aiGW w Katowicach\u201d<\/p>\n","protected":false},"excerpt":{"rendered":"<p>Warsztaty ekologiczne w DWD Zapraszamy na cykl warsztat\u00f3w ekologicznych przeznaczony dla dzieci w wieku szko\u0142y podstawowej. W czasie zaj\u0119\u0107 dzieci odkrywaj\u0105 \u015bwiat poprzez obserwacje i do\u015bwiadczenia. WW czasie jednego bloku realizujemy 5 godzin warsztat\u00f3w m.in. laboratoria, wycieczki, zaj\u0119cia konstrukcyjne i plastyczne. Projekt realizowany b\u0119dzie do 30 czerwca 2026 lub do wyczerpania miejsc. Wakacje w DWD [&hellip;]<\/p>\n","protected":false},"author":1,"featured_media":0,"parent":0,"menu_order":0,"comment_status":"closed","ping_status":"closed","template":"","meta":{"ngg_post_thumbnail":0,"footnotes":""},"class_list":["post-807","page","type-page","status-publish","hentry"],"aioseo_notices":[],"_links":{"self":[{"href":"https:\/\/www.dwdporabka.pl\/index.php\/wp-json\/wp\/v2\/pages\/807","targetHints":{"allow":["GET"]}}],"collection":[{"href":"https:\/\/www.dwdporabka.pl\/index.php\/wp-json\/wp\/v2\/pages"}],"about":[{"href":"https:\/\/www.dwdporabka.pl\/index.php\/wp-json\/wp\/v2\/types\/page"}],"author":[{"embeddable":true,"href":"https:\/\/www.dwdporabka.pl\/index.php\/wp-json\/wp\/v2\/users\/1"}],"replies":[{"embeddable":true,"href":"https:\/\/www.dwdporabka.pl\/index.php\/wp-json\/wp\/v2\/comments?post=807"}],"version-history":[{"count":3,"href":"https:\/\/www.dwdporabka.pl\/index.php\/wp-json\/wp\/v2\/pages\/807\/revisions"}],"predecessor-version":[{"id":836,"href":"https:\/\/www.dwdporabka.pl\/index.php\/wp-json\/wp\/v2\/pages\/807\/revisions\/836"}],"wp:attachment":[{"href":"https:\/\/www.dwdporabka.pl\/index.php\/wp-json\/wp\/v2\/media?parent=807"}],"curies":[{"name":"wp","href":"https:\/\/api.w.org\/{rel}","templated":true}]}}

WFOŚiGW w Katowicach

<p><strong>Warsztaty ekologiczne w DWD</strong></p>



<p>Zapraszamy na cykl warsztatów ekologicznych przeznaczony dla dzieci w wieku szkoły podstawowej.</p>



<p>W czasie zajęć dzieci odkrywają świat poprzez obserwacje i doświadczenia. WW czasie jednego bloku realizujemy 5 godzin warsztatów m.in. laboratoria, wycieczki, zajęcia konstrukcyjne i plastyczne.</p>



<p>Projekt realizowany będzie do 30 czerwca 2026 lub do wyczerpania miejsc.</p>



<figure class="wp-block-image size-full is-resized"><img loading="lazy" decoding="async" width="694" height="359" src="https://www.dwdporabka.pl/wp-content/uploads/2025/09/news_1255-489850772-removebg-preview.png" alt="" class="wp-image-782" style="width:268px;height:auto" srcset="https://www.dwdporabka.pl/wp-content/uploads/2025/09/news_1255-489850772-removebg-preview.png 694w, https://www.dwdporabka.pl/wp-content/uploads/2025/09/news_1255-489850772-removebg-preview-300x155.png 300w" sizes="auto, (max-width: 694px) 100vw, 694px" /></figure>



<figure class="wp-block-image size-large"><img loading="lazy" decoding="async" width="724" height="1024" src="https://www.dwdporabka.pl/wp-content/uploads/2025/09/Dyplom-za-wyniki-w-nauce-724x1024.jpg" alt="" class="wp-image-813" srcset="https://www.dwdporabka.pl/wp-content/uploads/2025/09/Dyplom-za-wyniki-w-nauce-724x1024.jpg 724w, https://www.dwdporabka.pl/wp-content/uploads/2025/09/Dyplom-za-wyniki-w-nauce-212x300.jpg 212w, https://www.dwdporabka.pl/wp-content/uploads/2025/09/Dyplom-za-wyniki-w-nauce-768x1086.jpg 768w, https://www.dwdporabka.pl/wp-content/uploads/2025/09/Dyplom-za-wyniki-w-nauce-1086x1536.jpg 1086w, https://www.dwdporabka.pl/wp-content/uploads/2025/09/Dyplom-za-wyniki-w-nauce.jpg 1414w" sizes="auto, (max-width: 724px) 100vw, 724px" /></figure>



<figure class="wp-block-image size-large is-resized"><img loading="lazy" decoding="async" width="1024" height="1024" src="https://www.dwdporabka.pl/wp-content/uploads/2025/10/338106004-663787863-1024x1024.jpg" alt="" class="wp-image-835" style="width:724px;height:auto" srcset="https://www.dwdporabka.pl/wp-content/uploads/2025/10/338106004-663787863-1024x1024.jpg 1024w, https://www.dwdporabka.pl/wp-content/uploads/2025/10/338106004-663787863-300x300.jpg 300w, https://www.dwdporabka.pl/wp-content/uploads/2025/10/338106004-663787863-150x150.jpg 150w, https://www.dwdporabka.pl/wp-content/uploads/2025/10/338106004-663787863-768x768.jpg 768w, https://www.dwdporabka.pl/wp-content/uploads/2025/10/338106004-663787863.jpg 1080w" sizes="auto, (max-width: 1024px) 100vw, 1024px" /></figure>



<p><strong>Wakacje w DWD</strong></p>



<p>Zapraszamy na &#8222;Wakacje w DWD&#8221; obóz pod namiotami z elementami ratownictwa, ochrony przyrody i profilaktyki zdrowotnej.</p>



<p>Planowane turnusy:</p>



<p>I&nbsp;&nbsp; 29.06-9.07.2025</p>



<p>II 9.07-19.07.2025</p>



<p>III 19.07-29.07.2025</p>



<p>IV 29.07-08.08.2025</p>



<p>V 21.08-31.08.2025</p>



<figure class="wp-block-image size-full is-resized"><img loading="lazy" decoding="async" width="694" height="359" src="https://www.dwdporabka.pl/wp-content/uploads/2025/09/news_1255-489850772-removebg-preview.png" alt="" class="wp-image-782" style="width:268px;height:auto" srcset="https://www.dwdporabka.pl/wp-content/uploads/2025/09/news_1255-489850772-removebg-preview.png 694w, https://www.dwdporabka.pl/wp-content/uploads/2025/09/news_1255-489850772-removebg-preview-300x155.png 300w" sizes="auto, (max-width: 694px) 100vw, 694px" /></figure>



<p>„Wyjazd na obozy w terminie od 29.06.2025 do 31.08.2025 został dofinansowany ze środków WFOŚiGW w Katowicach”</p>

<p>Warsztaty ekologiczne w DWD Zapraszamy na cykl warsztatów ekologicznych przeznaczony dla dzieci w wieku szkoły podstawowej. W czasie zajęć dzieci odkrywają świat poprzez obserwacje i doświadczenia. WW czasie jednego bloku realizujemy 5 godzin warsztatów m.in. laboratoria, wycieczki, zajęcia konstrukcyjne i plastyczne. Projekt realizowany będzie do 30 czerwca 2026 lub do wyczerpania miejsc. Wakacje w DWD [&hellip;]</p>
